hat is the greatest common divisor of 20 and u?
5
Let j = -20 - -7. Let c = -11 - j. What is the highest common divisor of 16 and c?
2
Suppose 20 = -5*t, 251 = 3*k - 2*k - 5*t. Suppose r - 2*c = -10 + 33, 3*r - 64 = c. Calculate the highest common divisor of k and r.
21
Let z be 261 + (2 + 4 + -10 - -3). What is the highest common divisor of 325 and z?
65
Let v(d) = -14*d + 56. Let s(h) = h. Let z(j) = 7*s(j) + v(j). Let t be z(-11). What is the greatest common factor of 7 and t?
7
Suppose -4*w = -w - 3*k - 2334, -2*w = 3*k - 1571. What is the highest common divisor of 71 and w?
71
Suppose 2*i - 148 = -2*i. Suppose 8 = 4*q, -4*a + 3*q = 2*q - 1330. Calculate the highest common divisor of a and i.
37
Let z(h) = h**2 + 3*h + 17. Let q be z(-5). Calculate the highest common divisor of 90 and q.
9
Suppose -2*m - 3*m = -n - 129, 0 = -3*n - 12. Let k = -18 + m. Suppose -k = -2*i - 1. What is the greatest common divisor of 33 and i?
3
Let i = -40 - -33. Let v(w) be the first derivative of -w**2 - 9*w - 1. Let g be v(i). Calculate the highest common factor of 5 and g.
5
Suppose i - 3*p = 48, 5*i - p - 226 = -0*i. What is the highest common divisor of 720 and i?
45
Let d be 770/16 + (-10)/80. Suppose 0 = -8*n + 712 + d. Calculate the greatest common factor of n and 19.
19
Suppose 498 = -11*g + 6218. Suppose 4*u + 5*p = g, 0 = 2*p - 0*p. Calculate the greatest common divisor of 10 and u.
10
Let q(x) = 34*x + 13. Let a be q(2). Calculate the greatest common factor of a and 27.
27
Suppose 21*j = -14*j + 3675. What is the greatest common divisor of 175 and j?
35
Let s = -47 + 99. Let m = s - 28. What is the highest common divisor of 6 and m?
6
Let g be 2 - (-3)/3 - 3. Let a(x) = -x**3 + x**2 + x + 56. Let k be a(g). Calculate the highest common divisor of 7 and k.
7
Suppose s - 20 - 24 = -4*m, -3*s = 5*m - 48. What is the highest common divisor of 192 and m?
12
Suppose 3*h - 12 = -2*s - 1, 0 = -3*s - 6. Let y = 45 - 82. Let w = y + 42. What is the highest common divisor of h and w?
5
Let x be 51 + (-11)/(9 + -8). What is the highest common factor of x and 72?
8
Let h(i) = 2*i**2 + 21*i - 24. Let g be h(-12). Suppose o + 3*o = -a + 34, 4*o + g = 0. What is the greatest common divisor of 184 and a?
46
Let o be -3 + (-3 + 2 - -9). Suppose -o - 1 = -3*z. Suppose 5*y = -5*k, 0 = z*y - 6*y + 3*k + 14. Calculate the greatest common factor of 6 and y.
2
Suppose -3*s + 71 = 4*i, 2*s - 96 = -2*s - 4*i. Suppose 5*w + 5*c + 1 = -14, -c = -3*w + 7. Suppose -w = -n + 4. What is the greatest common divisor of s and n?
5
Suppose -j - 23*o = -25*o - 196, 2*j + 5*o = 401. What is the highest common divisor of 1881 and j?
99
Let j be (-240)/28*(-14)/3. Let v(g) = -g**3 + 7*g**2 - 8*g + 9. Let d be v(6). Let x be 12/27*d*-12. Calculate the highest common factor of x and j.
8
Suppose n = -5*m + 71, -m + 2*n = -118 + 95. Let k(v) = -v**3 - v**2 - v + 105. Let d be k(0). What is the greatest common divisor of d and m?
15
Let y = 47 + -24. Let i = y + 41. What is the highest common factor of i and 8?
8
Suppose -4*g + 118 = 118. Suppose -q + 39 = -3*k, g = -q + 4*k + 23 + 20. What is the greatest common factor of q and 81?
27
Suppose 0 = 4*g + p - 17, 3*p + 7 = 4*g - 6. Suppose -w + g = -22. Calculate the greatest common factor of 286 and w.
26
Suppose 4*c - 2 = -3*n + 9, c = -2*n + 4. Let f be (0/n)/(-7 + 9). Suppose 0 = -l - f*l + 4. What is the highest common divisor of 6 and l?
2
Suppose -11*r + 228 = -7*r. Let i(m) = 2*m - 11. Let b be i(8). Suppose -c + 98 = 4*c - 3*g, b*c = -2*g + 93. Calculate the highest common divisor of c and r.
19
Suppose r - 2*w + 4*w + 113 = 0, -336 = 3*r + 3*w. Let u = -59 - r. What is the greatest common divisor of u and 4?
4
Suppose 48 = -73*t + 74*t. Suppose -3*h = -0*j + j - 12, -t = -3*j + 3*h. Calculate the greatest common divisor of j and 3.
3
Let w be 2/(-3) - (-172)/6. Let k = w + -10. Let u = k + -13. What is the highest common divisor of u and 55?
5
Suppose 4*p + 4*t = t + 33, 3*p - 2*t - 29 = 0. Suppose -p = -y - 6*a + 3*a, y - 33 = 5*a. Calculate the greatest common divisor of 54 and y.
18
Suppose 3*f - 11 = -4*d, 2*d - d - 5*f = 20. Suppose 3*x = 4*o + 1 - 205, -d*x + 5*o = 335. Let b = -1 - x. Calculate the greatest common factor of 9 and b.
9
Let u(p) = -4*p**2 + 13*p - 18. Let n(t) = 5*t**2 - 12*t + 18. Let j(z) = -3*n(z) - 4*u(z). Let g be j(15). Calculate the greatest common divisor of 3 and g.
3
Suppose 0 = -m + f - 3 + 12, 5*m = -4*f. Let a(g) = -19*g**2 - 13*g**2 + 33*g**2 - g. Let u be a(m). What is the greatest common factor of u and 12?
12
Suppose 3*m + w + 12 = -2*w, 2*w = -8. Suppose -3*t - 5*j + 106 = m, 3*t - 76 = -3*j + 38. Calculate the greatest common factor of 105 and t.
21
Let z = 8 - 0. Suppose -z + 5 = o. Let k be -3 + o/(9/(-48)). Calculate the greatest common factor of 143 and k.
13
Let f(b) = -30*b + 16. Let s be f(-4). Calculate the greatest common divisor of 16 and s.
8
Let r be (-222)/(-3) - 3 - 1. Suppose -16*p = -13*p - 42. What is the highest common factor of r and p?
14
Let j(k) = k**3 + 7*k**2 - 9*k - 1. Let c be j(-8). Suppose 2*n = 3*n - c. Let w = 39 - n. What is the greatest common factor of 8 and w?
8
Let a be (20/(0 - -1))/1. Let n(z) = 162*z**2 + 3*z + 1. Let j be n(-1). What is the greatest common factor of j and a?
20
Let y(z) = 3*z**3 - 14*z**2 - z + 0*z + 3 + 9 - 2*z**3. Let f be y(14). Let m be f/(-8) + 470/40. What is the highest common divisor of m and 84?
12
Suppose 4*s = -4*z - 8, 2 - 4 = 5*s + 3*z. Suppose 0 = -4*v + 2*i + 14, v - s*i - 1 = -i. Calculate the highest common divisor of 96 and v.
6
Let i(r) = 250*r**2 + 3*r + 5. Let y be i(-2). What is the greatest common divisor of y and 74?
37
Let s(j) = -25*j + 243. Let y be s(9). Calculate the greatest common divisor of 10 and y.
2
Let f be (-12)/(-54) - (-2)/(-9). Suppose f = 2*u - 7*u - 630. Let b be (-1 - 3)*u/8. Calculate the greatest common divisor of 9 and b.
9
Suppose l - 55 = -0*l - 2*f, 0 = -5*l - 2*f + 235. What is the greatest common factor of l and 120?
15
Let m(n) = 11*n**2 + 15*n - 10. Let k be m(6). What is the greatest common divisor of 84 and k?
28
Let q = -359 - -568. Let w = q + -146. Suppose 2*j = -2*j + 36. What is the highest common divisor of j and w?
9
Let w be (-11)/(-33) - (0 + (-70)/6). What is the highest common factor of 66 and w?
6
Let d be 1078/3 - 2/(-3). Suppose -16*q + 818 = 98. Calculate the greatest common divisor of q and d.
45
Let h = -4667 - -6922. Calculate the highest common divisor of h and 11.
11
Let d(v) = v**3 + 8*v**2 + 14*v + 34. Let f be d(-6). Calculate the highest common divisor of 66 and f.
22
Let d = 19 - 17. Suppose 2*c = 4*c - d*u, -3*c = 2*u - 10. Suppose 18 + 2 = 4*j, -j - 39 = -c*l. What is the greatest common divisor of l and 22?
22
Suppose 4*t = 4*c - 44 - 16, -4*t - 78 = 5*c. Let a = 30 + t. What is the highest common factor of a and 52?
13
Suppose -180 = -5*o + 55. Let d = -82 + o. Let q be 15/d + 1476/14. What is the highest common divisor of 42 and q?
21
Let w(q) = 2*q**3 - 17*q**2 + 9*q - 3. Let o be w(8). Suppose 2 = 2*m - 4. Let z = m + o. What is the greatest common divisor of z and 2?
2
Suppose 2*b + 3*o = 24, -40 = -4*b + 8*o - 10*o. What is the highest common factor of 2142 and b?
9
Suppose -443 + 47 = -6*f. Suppose 5*r - 3*s - 8 = f, 2*s + 71 = 5*r. What is the greatest common factor of r and 2?
1
Suppose 3*q + 10 = 4. Let b be 1 + (q - -1*237). Suppose -4*a = -2*y - 568, -4*a + 344 = 4*y - b. What is the greatest common divisor of a and 13?
13
Let y be (-209)/(0 + -1) + -2. Let o be 68/238 - 159*(-4)/28. What is the greatest common divisor of o and y?
23
Suppose -122 = 3*j + 79. Let k = j - -131. What is the greatest common divisor of k and 160?
32
Suppose -5*d + 7 - 17 = -5*i, -3*d + 2*i = 3. Let x be -13 - (-3 - 1)*d. Let j be ((-858)/x)/(3/9). What is the greatest common divisor of j and 26?
26
Let a = 288 + -234. Suppose 2*d - 175 = -31. Suppose 2*u + 0*u - d = 0. What is the highest common factor of a and u?
18
Let o(p) = 4*p**3 - 4*p**2 - 20. Let r be o(7). Calculate the highest common factor of 68 and r.
68
Let b(x) = x**2 - 28*x - 25. Let m be b(29). Let d(h) = 4*h + 6. Let u be d(0). Calculate the greatest common factor of m and u.
2
Let n = 293 - 270